) = -19*z + 5. Let i(o) = o**2 + 8*o + 21. Let w be i(-6). Let p(s) = 5*s - 1. Let d(x) = w*p(x) + 2*k(x). Let y = -3 + 2. Determine d(y).
-6
Let i(d) = -d**2 - 8*d - 6. Let q = -1282 + 1278. Calculate i(q).
10
Let p = 71 - 64. Let r(t) = t - 5. What is r(p)?
2
Let b = 31 + -29. Let k(x) = -5 + x - b + 6. Give k(-4).
-5
Let k(g) = g**2 - 11*g + 3. Let h(s) = 3*s + 7. Let p be h(0). Give k(p).
-25
Let i(u) = 3*u**2 - 2*u - 2. Let h be i(2). Suppose -10*o - h = -9*o. Let a(b) be the third derivative of b**4/24 - b**3/6 - 2*b**2. What is a(o)?
-7
Let j be 1*2/(-4)*-142. Let k(n) = n + n + 8*n**2 - 9 + j*n**3 - 72*n**3. Give k(8).
7
Let g(a) = -5 - 3*a + 15 - 3*a - a - 6. Determine g(-4).
32
Let w(s) be the first derivative of -1/2*s**2 - 6*s + 34. Suppose 0 = 3*c - 4*c - 6. Determine w(c).
0
Let b = -96 + 102. Let c(a) = -a**2 + 7*a - 14. Determine c(b).
-8
Suppose 0 = q - 3. Let t(v) be the first derivative of -v**4/4 + v**3 - v + 4. Give t(q).
-1
Suppose 3*z + b - 5 = 0, 4*z = 3*b - 0 + 11. Suppose -5*c = 4*x, -3*c - x = -5*x. Let g(o) = -3 - 3*o**z + 0*o**2 + c + o**2 - 2*o. Determine g(-3).
-15
Let c(k) = -2*k - 2*k + 20 + 16*k - 9*k - 6*k. Give c(7).
-1
Suppose -19 - 26 = 3*p. Let i be p/21 + 4/(-14). Let z be (i/(-3))/((-1)/6). Let r(j) = j**3 - j**2 - 4*j - 3. Calculate r(z).
-7
Let x(p) = -3*p**2 - 2*p - 1. Let o(g) = 16*g**2 + 8*g + 4. Let n(l) = -2*o(l) - 11*x(l). Determine n(-6).
3
Let d(j) = -5*j**3 - 11*j**2 - j + 11. Let m(b) = 4*b**3 + 9*b**2 + b - 12. Let v(f) = 5*d(f) + 6*m(f). What is v(0)?
-17
Suppose -8 = -t - 3*t. Let a(j) = 2*j**2 - j - j**2 + 4*j**t. Give a(-1).
6
Let d(j) = -36*j - 3 + j**2 + 35*j + 5. Determine d(0).
2
Let r(o) = -1 + 87*o - 241*o + 77*o + 82*o - 18. Calculate r(-9).
-64
Let v(i) = i**3 + 7*i**2 - i - 5. Let d be v(-7). Let n(s) = -3*s + 3 - 3 - d - s**2 + 1. Let h be (-7)/3 + 10/(-15). What is n(h)?
-1
Suppose -52 = o - 15. Let m = o + 33. Let d(v) = -v**2 - 9*v - 5. What is d(m)?
15
Suppose 69 = 4*p - 91. Let f(r) = -86 + 5*r + p + 49 + r**2. Give f(-4).
-1
Suppose 57*a - 16 = 53*a. Let y(o) be the third derivative of 1/8*o**4 + 0*o + o**2 + 0 - 1/3*o**3. Determine y(a).
10
Suppose 0 = 337*r - 314*r + 92. Let b(q) = 8*q + 29. Give b(r).
-3
Let r(f) = 5*f**3 - 6*f**2 + 3*f - 46. Let y(t) = -12*t**3 + 15*t**2 - 7*t + 92. Let h(b) = 5*r(b) + 2*y(b). Calculate h(0).
-46
Let s(m) be the third derivative of -m**8/6720 + m**6/720 + 29*m**5/60 + 12*m**2. Let t(k) be the third derivative of s(k). What is t(1)?
-2
Let g be (-6 - -2)*(-21)/6. Let k = 9 - g. Let l(u) be the first derivative of -u**2/2 - 7*u - 2. Give l(k).
-2
Let t(q) be the first derivative of q**4/4 + 5*q**3/3 + 3*q**2 + q + 590. Suppose -u = 2*r + 2, -3 - 3 = u - 2*r. Determine t(u).
-7
Let i be (4 - (4 + (-18)/3))/2. Let m(b) = b**3 - 2*b**2 + 2*b. Let c be m(2). Suppose -6 = -i*y + c*y. Let t(z) = -z**3 - 6*z**2. What is t(y)?
0
Let o = 156 + -146. Let y(x) = x**3 - 10*x**2 + 5. Calculate y(o).
5
Let y(s) = -3*s. Let h be 2 + 3/(2 - -1). Suppose -j - h*j + 20 = 0. Let p be j*-1*8/10. Determine y(p).
12
Let c = -14 - -8. Let g(s) = -2*s - 4782 + 4779 + 0*s. What is g(c)?
9
Let o(h) be the third derivative of 0*h + 1/12*h**4 + 7*h**2 - 2/3*h**3 + 0. Determine o(4).
4
Let i(z) = z + 6 + 7 + 2 - 14. Let a(l) = l**3 - 8*l**2 + 6*l + 7. Let p be a(7). Let y be -6 + p*1/2. Calculate i(y).
-5
Let z = -2 - 4. Let r be (4/z)/(12/(-18)). Let n(u) = u**3 - u - 3*u**3 + 4*u**3 + 1. Determine n(r).
2
Suppose 22*k - 72 = 30*k. Let m(s) = -s**2 - 14*s - 2. What is m(k)?
43
Let a(l) = -2*l**2 + 18 + l**2 - 16*l + 2 + 0*l**2. What is a(-17)?
3
Let y(k) = -2*k + 10. Suppose -g + 12 = -4*x + 43, 0 = -5*x - 4*g + 44. Let w = 0 + x. Let i be y(w). Let v(d) = d**2 + 4*d - 8. What is v(i)?
4
Let j(g) = 3*g - 3 - 4 + 12 - 3. Give j(1).
5
Let l(x) = 3 + 9*x + 6*x**2 + x**3 - 12*x - 2*x**3. Give l(5).
13
Let w(a) = 2*a - 4. Suppose 3*t = 6*t + o, -5*t + o + 8 = 0. Let v(u) = 6*u**3 - u**2 + 5*u - 4. Let b be v(t). Determine w(b).
8
Let w(p) = 9*p - 16. Suppose -3*s + 105 - 84 = 0. Calculate w(s).
47
Let x(v) = -2*v + 18 - 435*v**2 - 420*v**2 + 854*v**2. Calculate x(0).
18
Let w = 4 - 4. Let c(v) = 2*v - 2 - 2*v - 3*v + 4*v - v**2. What is c(w)?
-2
Let x(q) = q**2 - q - 1. Suppose 4*i - 76 = -4. Let u(w) = 20*w + 0*w**2 - w**2 + 1 - i*w. Let c(s) = u(s) + 3*x(s). Give c(2).
4
Let p(t) = -13 + 4 + 7*t - 2*t + 13 + 4*t**2 - 5*t**2. Calculate p(6).
-2
Let y be -2 + -1 + (-8 - -4) + 9. Suppose -d + 6 = 4*c, -6*d - 5*c = -y*d - 13. Let i(z) = z**2 - 2*z + 2. Calculate i(d).
2
Suppose -4*y + 18 = -2*z, 3 = 4*z + 5*y + 13. Let d = -8 - -14. Let u(k) = -1 - d*k**2 + 7*k**2 + 7*k + 3. Calculate u(z).
-8
Let d = -22 - -18. Let q be (5 + -3)*(3 + d). Let i(b) = -2*b + 3. Let z(n) = 4*n - 7. Let m(x) = -9*i(x) - 4*z(x). Give m(q).
-3
Let f(g) = -g + 4. Let r be f(4). Let d(p) be the first derivative of p**4/4 + p**3/3 + p**2/2 - 2*p + 246. Calculate d(r).
-2
Let l = -1205 + 1208. Let h(g) be the second derivative of 1/6*g**l - 2/3*g**4 - 9*g + 1/2*g**2 + 0. Calculate h(-1).
-8
Let p be (-1 + (-36)/(-8))*2. Let k(x) = -x + 4. Let m(w) = -2*w + 7. Let h(g) = p*k(g) - 4*m(g). Let r(v) = v**2 + 7*v + 3. Let y be r(-6). Calculate h(y).
-3
Let o be (-3)/(-2) - 130/(-20). Suppose s - 4 = -o. Let l(h) = -h**3 - 5*h**2 - 6*h. What is l(s)?
8
Let h(r) be the first derivative of -r**7/840 + r**6/90 - r**5/30 + r**4/6 + 10*r**3/3 + 15. Let k(u) be the third derivative of h(u). What is k(4)?
-12
Let k(v) = 7 + 9*v - 20 + 7 + 7. Let w be (12 - 10)/(4/(-2)). Give k(w).
-8
Let t = 2 - 1. Let r(y) = -6*y - 4. Let n(j) = -j**2 - j. Let w(o) = t*n(o) + r(o). Suppose 18 = -4*m + 5*g, 8*m + 5*g + 45 = 3*m. Give w(m).
-4
Suppose -5*l = -3*l - 6. Suppose 5*f = -2*j + 115, 3*j + 65 = -l*f + 5*f. Suppose -4*n - 2*y - 1 = f, 3 = -y. Let s(d) = -d**3 - 5*d**2 + 2*d + 6. Give s(n).
-4
Suppose 0 = -4*g + 4*v - 24, 4*g + v + 9 = -20. Let f(k) = -2*k**3 - 15*k**2 - 8*k + 1. Calculate f(g).
8
Suppose 145 - 29 = 29*q. Let y(x) = -x**2 + 8*x - 9. Give y(q).
7
Let x(k) be the third derivative of -k**6/120 + k**4/6 + k**3/2 - 18*k**2 - 4*k. Give x(-3).
18
Let z(m) = -m**2 - 5*m - 8. Let c(v) = 5*v - 166. Let g be c(32). What is z(g)?
-14
Let x(g) be the second derivative of -g**3/6 - g**2/2 + 2*g. Suppose -3*q + 9 = -9*u + 5*u, 2*q - 8 = 3*u. Give x(u).
5
Let x(d) be the second derivative of -d**3/6 + 117*d. What is x(5)?
-5
Let t(o) be the second derivative of o**4/12 - 11*o**3/6 - 2*o**2 - 6*o - 31. Determine t(8).
-28
Let s(d) = -4*d - 4. Suppose -3*w = -5*w + 2*c + 8, w - 2*c - 4 = 0. Let l = -51 - -71. Let k be (4/(-5))/(w/l). Determine s(k).
12
Suppose -2 - 4 = -3*k. Let v(f) = 20*f**2 - 2*f**3 + 2 + f**3 - 15*f**k + 0*f - 3*f. Determine v(4).
6
Let m(j) = 4*j - 6. Let r = 306 - 312. Determine m(r).
-30
Let r(n) = -n**2 + 10*n + 3. Let c(m) = 5*m**2 - 41*m - 12. Suppose 0 = 7*k - 2*k - 45. Let z(w) = k*r(w) + 2*c(w). Suppose -18*f - 18 = -15*f. What is z(f)?
-9
Let d(h) = 2*h**2 + 3*h + 1. Suppose -l + 25 = 5*n - 0, -4*l = 3*n - 15. Let b be 2*((-60)/8)/n. Determine d(b).
10
Let b be (-33)/(-12) + 2 + (-6)/8. Let n(i) = i**2 - 9*i - 3. Give n(b).
-23
Suppose -3*t = 3*d + 72, -3*d - d - 3*t = 100. Let q be 23/5 + d/(-70). Let o(j) = j**3 - 6*j**2 + 3*j + 3. Calculate o(q).
-7
Let u(g) = 2*g**2 + 5*g**2 - 5*g**3 - 5*g - g**3 + 0 + 7*g**3 - 12. Give u(-8).
-36
Let c(o) = 4*o - o - 2*o. Let w = 520 - 514. What is c(w)?
6
Suppose 0 = -c + 36 + 6. Let r(a) = -3*a - 7*a**3 + 44*a**2 - c*a**2 + 1 + 6*a**3. Calculate r(2).
-5
Suppose -61*l = -46*l + 105. Let z(r) be the first derivative of r**2 + 7*r + 1. Determine z(l).
-7
Suppose 24*m - 12*m + 6*m = 0. Let x(a) be the second derivative of -2/3*a**3 + m - a**2 - 10*a. Calculate x(-2).
6
Let l(n) = 3*n. Let y(a) = 2*a - 2. Let z(g) = 2*l(g) - y(g). Calculate z(1).
6
Let g(y) = 6 + 3*y - 7 + 3*y - y**2 + 4. Let j be g(6). Suppose h - 5*f = 3*h, -2*f = j*h. Let c(m) = -m**3 + m + 4. Give c(h).
4
Let k be (1 + 0)/((-2)/14). Suppose -4*y - 5*y = 2*y. Let i(q) = -6 + 16 + q + y + 2. Determine i(k).
5
Let h be (-6)/15 + (-64)/40. Let r(p) = -p**3 - p**2 - p. Let z(n) = -3*n. Let d(m) = -3*r(m) + z(m). Give d(h).
-12
Let o(z) be the first derivative of -z**2/2 - 6*z - 88. 